{"id":1036,"date":"2025-05-19T13:39:36","date_gmt":"2025-05-19T13:39:36","guid":{"rendered":"https:\/\/plauschturnier.figoe.ch\/?page_id=1036"},"modified":"2026-01-14T09:33:36","modified_gmt":"2026-01-14T09:33:36","slug":"rangliste-2025","status":"publish","type":"page","link":"https:\/\/plauschturnier.figoe.ch\/?page_id=1036","title":{"rendered":"Rangliste 2025"},"content":{"rendered":"\n<p>1 Bri Bri Bicus Dicus<br>2 The Peelers<br>3 Zuri die hesch<br>4 SuperSmashBros<br>5 M\u00e4nnerriege Fi-G\u00f6<br>6 The Smashy Mullets<br>7 Mach de Lachs<br>8 H\u00e4ggli Men`s<br>9 JSC<br>10 2. FC Dosenbier<br>11 Bandoleros<br>12 Heute schon gefischt?<br>13 FC Fayern<br>14 Faustballerinas<br>15 Team Polesitro<br>16 Gang Gang<br>17 Anonyme Problematiker<br>18 Schn\u00e4ggler<br>19 Alli mini \u00c4ntli<br>20 Figgo<br>21 1. FC Dosenbier<br>22 TV Brabant<br>23 Ruedi de Netzf\u00e4tzer<br>24 Hopfentorpedos<br>25 Parat<br>26 Keiserschmarrn<br>27 Old Schmetterh\u00e4nd<br>28 Absolut Barbapapa<br>29 14 f\u00f6dlibagge<br>30 FC Schw\u00e4ngi<br>31 imagine losing<br>32 Wer Decki preicht zahlt!<br>33 F\u00e4milyg\u00e4ng<br>34 How I Set Your Mother<br>35 S\u00e4chsil\u00fc\u00fcte<br>36 Gate Hayes<br>37 HC Fi-G\u00f6 2<br>38 TSV 1 (Turnendersaufverein)<br>39 ABCDEFGHIJKLMNOPQRSTU<br>40 Temple diggahs<br>41 HC Fi-G\u00f6<br>42 TV Brabant 2<br>43 B\u00e4llebad auf Profi-Level<br>44 Zerst Vollti denn Moretti<br>45 Mach de Fisch<br>46 D&#8217;Egli-Fischer<br>47 Cruz Azul<br>48 Flirt am Netz<br>49 Freibier auf Feld 1<br>50 Mer h\u00e4nd meh Manu\u2019s<br>51 Suff-Front<br>52 Die Volleyb\u00e4renbande<br>53 Last in Game, first in Shots<br>54 Br\u00e4uchdli es T\u00e4ssli, s\u00e4g<br>55 Care Team<br>56 Chaos am Netz<br>57 Skizzen-Squad<br>58 Wo sind jetzt die T\u00e4ssli&#8217;s?<br>59 TSV 2 (Turnendersaufverein)<br>60 Fit im Schritt<\/p>\n\n\n\n<p><\/p>\n","protected":false},"excerpt":{"rendered":"<p>1 Bri Bri Bicus Dicus2 The Peelers3 Zuri die hesch4 SuperSmashBros5 M\u00e4nnerriege Fi-G\u00f66 The Smashy Mullets7 Mach de Lachs8 H\u00e4ggli Men`s9 JSC10 2. FC Dosenbier11 Bandoleros12 Heute schon gefischt?13 FC Fayern14 Faustballerinas15 Team Polesitro16 Gang Gang17 Anonyme Problematiker18 Schn\u00e4ggler19 Alli mini \u00c4ntli20 Figgo21 1. FC Dosenbier22 TV Brabant23 Ruedi de Netzf\u00e4tzer24 Hopfentorpedos25 Parat26 Keiserschmarrn27 Old [&hellip;]<\/p>\n","protected":false},"author":1,"featured_media":0,"parent":0,"menu_order":15,"comment_status":"closed","ping_status":"closed","template":"","meta":{"footnotes":""},"class_list":["post-1036","page","type-page","status-publish","hentry"],"_links":{"self":[{"href":"https:\/\/plauschturnier.figoe.ch\/index.php?rest_route=\/wp\/v2\/pages\/1036","targetHints":{"allow":["GET"]}}],"collection":[{"href":"https:\/\/plauschturnier.figoe.ch\/index.php?rest_route=\/wp\/v2\/pages"}],"about":[{"href":"https:\/\/plauschturnier.figoe.ch\/index.php?rest_route=\/wp\/v2\/types\/page"}],"author":[{"embeddable":true,"href":"https:\/\/plauschturnier.figoe.ch\/index.php?rest_route=\/wp\/v2\/users\/1"}],"replies":[{"embeddable":true,"href":"https:\/\/plauschturnier.figoe.ch\/index.php?rest_route=%2Fwp%2Fv2%2Fcomments&post=1036"}],"version-history":[{"count":2,"href":"https:\/\/plauschturnier.figoe.ch\/index.php?rest_route=\/wp\/v2\/pages\/1036\/revisions"}],"predecessor-version":[{"id":1039,"href":"https:\/\/plauschturnier.figoe.ch\/index.php?rest_route=\/wp\/v2\/pages\/1036\/revisions\/1039"}],"wp:attachment":[{"href":"https:\/\/plauschturnier.figoe.ch\/index.php?rest_route=%2Fwp%2Fv2%2Fmedia&parent=1036"}],"curies":[{"name":"wp","href":"https:\/\/api.w.org\/{rel}","templated":true}]}}